{"id":12862,"date":"2023-01-23T16:17:59","date_gmt":"2023-01-23T15:17:59","guid":{"rendered":"https:\/\/discovergallura.it\/faro-di-capo-ferro\/"},"modified":"2023-06-09T16:07:40","modified_gmt":"2023-06-09T14:07:40","slug":"faro-di-capo-ferro","status":"publish","type":"page","link":"https:\/\/discovergallura.it\/fr\/fari\/faro-di-capo-ferro\/","title":{"rendered":"Phare de Capo Ferro"},"content":{"rendered":"<div class=\"wpb-content-wrapper\"><p>[vc_row css_animation=\u00a0\u00bb\u00a0\u00bb row_type=\u00a0\u00bbrow\u00a0\u00bb use_row_as_full_screen_section=\u00a0\u00bbno\u00a0\u00bb type=\u00a0\u00bbgrid\u00a0\u00bb angled_section=\u00a0\u00bbno\u00a0\u00bb text_align=\u00a0\u00bbleft\u00a0\u00bb background_image_as_pattern=\u00a0\u00bbwithout_pattern\u00a0\u00bb z_index=\u00a0\u00bb\u00a0\u00bb][vc_column css=\u00a0\u00bb.vc_custom_1674214152573{margin-top: 80px !important;}\u00a0\u00bb][vc_row_inner row_type=\u00a0\u00bbrow\u00a0\u00bb type=\u00a0\u00bbfull_width\u00a0\u00bb text_align=\u00a0\u00bbleft\u00a0\u00bb css_animation=\u00a0\u00bb\u00a0\u00bb][vc_column_inner width=\u00a0\u00bb1\/2&Prime; css=\u00a0\u00bb.vc_custom_1674212921568{margin-bottom: 110px !important;}\u00a0\u00bb][vc_separator type=\u00a0\u00bbsmall\u00a0\u00bb position=\u00a0\u00bbleft\u00a0\u00bb color=\u00a0\u00bb#3390b9&Prime; thickness=\u00a0\u00bb4&Prime; width=\u00a0\u00bb50&Prime;]<div class=\"custom_font_holder \" style=\"font-family: red hat display; font-style: normal; font-weight: 800; color: #3390b9; text-decoration: none; text-align: left; --qode-cf-font-size: 38px; --qode-cf-line-height: 39px; --qode-cf-font-size-1440: 38px; --qode-cf-line-height-1440: 39px; --qode-cf-font-size-1366: 38px; --qode-cf-line-height-1366: 39px; --qode-cf-font-size-1280: 38px; --qode-cf-line-height-1280: 39px; --qode-cf-font-size-1024: 38px; --qode-cf-line-height-1024: 39px; --qode-cf-font-size-768: 38px; --qode-cf-line-height-768: 39px; --qode-cf-font-size-680: 38px; --qode-cf-line-height-680: 39px; --qode-cf-font-size-480: 38px; --qode-cf-line-height-480: 39px;\">PHARE DE CAPO FERRO<\/div>[\/vc_column_inner][vc_column_inner width=\u00a0\u00bb1\/2&Prime;][\/vc_column_inner][\/vc_row_inner][vc_row_inner row_type=\u00a0\u00bbrow\u00a0\u00bb type=\u00a0\u00bbfull_width\u00a0\u00bb text_align=\u00a0\u00bbleft\u00a0\u00bb css_animation=\u00a0\u00bb\u00a0\u00bb][vc_column_inner width=\u00a0\u00bb1\/2&Prime;][vc_single_image image=\u00a0\u00bb517&Prime; img_size=\u00a0\u00bbfull\u00a0\u00bb qode_css_animation=\u00a0\u00bb\u00a0\u00bb][vc_empty_space][\/vc_column_inner][vc_column_inner width=\u00a0\u00bb1\/2&Prime; css=\u00a0\u00bb.vc_custom_1674212910857{margin-bottom: 80px !important;}\u00a0\u00bb][vc_column_text]<\/p>\n<p style=\"text-align: justify;\">Situ\u00e9 pr\u00e8s de <a href=\"https:\/\/discovergallura.it\/fr\/porto-cervo-costa-smeralda\/\"><strong>Porto Cervo<\/strong><\/a> , le phare de <strong>Capo Ferro<\/strong> fut b\u00e2ti au XIXe si\u00e8cle et est actif depuis 1858. Faisant partie des phares les plus envo\u00fbtants de Sardaigne, il est constitu\u00e9 d&rsquo;une tour cylindrique blanche situ\u00e9e \u00e0 environ 50 m\u00e8tres d&rsquo;altitude. Contrairement au vieux phare et au phare rouge, qui se trouvent dans la m\u00eame zone, le phare de Capo Ferro ne peut \u00eatre visit\u00e9. Il repr\u00e9sente toutefois une occasion en or pour admirer un coin unique de la <a href=\"https:\/\/discovergallura.it\/fr\/porto-cervo-costa-smeralda\/\"><strong>Costa Smeralda<\/strong><\/a>, caract\u00e9ris\u00e9 par de hauts rochers de couleur sombre.<\/p>\n<p>[\/vc_column_text][\/vc_column_inner][\/vc_row_inner][\/vc_column][\/vc_row][vc_row css_animation=\u00a0\u00bb\u00a0\u00bb row_type=\u00a0\u00bbrow\u00a0\u00bb use_row_as_full_screen_section=\u00a0\u00bbno\u00a0\u00bb type=\u00a0\u00bbgrid\u00a0\u00bb angled_section=\u00a0\u00bbno\u00a0\u00bb text_align=\u00a0\u00bbleft\u00a0\u00bb background_image_as_pattern=\u00a0\u00bbwithout_pattern\u00a0\u00bb z_index=\u00a0\u00bb\u00a0\u00bb][vc_column width=\u00a0\u00bb1\/6&Prime;][\/vc_column][vc_column width=\u00a0\u00bb2\/3&Prime; css=\u00a0\u00bb.vc_custom_1674141388895{margin-top: 80px !important;}\u00a0\u00bb offset=\u00a0\u00bbvc_hidden-sm vc_hidden-xs\u00a0\u00bb]<div class=\"custom_font_holder \" style=\"font-family: EB garamond; font-style: italic; font-weight: 500; text-decoration: none; text-align: left; --qode-cf-font-size: 24px; --qode-cf-line-height: 28px; --qode-cf-font-size-1440: 24px; --qode-cf-line-height-1440: 28px; --qode-cf-font-size-1366: 24px; --qode-cf-line-height-1366: 28px; --qode-cf-font-size-1280: 24px; --qode-cf-line-height-1280: 28px; --qode-cf-font-size-1024: 24px; --qode-cf-line-height-1024: 28px; --qode-cf-font-size-768: 24px; --qode-cf-line-height-768: 28px; --qode-cf-font-size-680: 24px; --qode-cf-line-height-680: 28px; --qode-cf-font-size-480: 24px; --qode-cf-line-height-480: 28px;\">\n<p style=\"text-align: center;\"><span style=\"font-size: 24pt; line-height: 110%;\">Comptant parmi les plus beaux phares de Sardaigne, il s&rsquo;agit d&rsquo;un point d&rsquo;observation privil\u00e9gi\u00e9 donnant sur la Costa Smeralda.<\/span><\/p>\n<\/div>[\/vc_column][vc_column width=\u00a0\u00bb1\/6&Prime;][\/vc_column][\/vc_row][vc_row css_animation=\u00a0\u00bb\u00a0\u00bb row_type=\u00a0\u00bbrow\u00a0\u00bb use_row_as_full_screen_section=\u00a0\u00bbno\u00a0\u00bb type=\u00a0\u00bbfull_width\u00a0\u00bb angled_section=\u00a0\u00bbno\u00a0\u00bb text_align=\u00a0\u00bbleft\u00a0\u00bb background_image_as_pattern=\u00a0\u00bbwithout_pattern\u00a0\u00bb z_index=\u00a0\u00bb\u00a0\u00bb css=\u00a0\u00bb.vc_custom_1676474378936{margin-bottom: 120px !important;}\u00a0\u00bb][vc_column css=\u00a0\u00bb.vc_custom_1674214257906{margin-top: 80px !important;margin-bottom: 120px !important;}\u00a0\u00bb offset=\u00a0\u00bbvc_hidden-sm vc_hidden-xs\u00a0\u00bb]<div class=\"qode-advanced-image-gallery  qode-aig-slider-type qode-tiny-space  qode-image-behavior-lightbox \">\n\t<div class=\"qode-aig-slider qode-owl-slider\" data-number-of-items=\"1\" data-enable-loop=\"yes\" data-enable-autoplay=\"yes\" data-slider-speed=\"5000\" data-slider-speed-animation=\"600\" data-slider-padding=\"yes\" data-enable-navigation=\"yes\" data-enable-pagination=\"yes\">\n\t\t\t\t\t<div class=\"qode-aig-image\">\n\t\t\t\t\t\t\t\t\t<a itemprop=\"image\" class=\"qode-aig-lightbox qode-block-drag-link\" href=\"https:\/\/discovergallura.it\/wp-content\/uploads\/2023\/01\/Capoferro-1300x796-1.jpeg\" data-rel=\"prettyPhoto[image_gallery_pretty_photo-790]\" title=\"Capoferro-1300&#215;796\">\n\t\t\t\t\t\t\t\t\t\t\t<img loading=\"lazy\" decoding=\"async\" src=\"https:\/\/discovergallura.it\/wp-content\/uploads\/2023\/01\/Capoferro-1300x796-1-1000x700.jpeg\" alt=\"\" width=\"1000\" height=\"700\" \/>\t\t\t\t\t<span class=\"aig-gallery-hover\">\n\t\t\t\t\t\t\t\t\t\t\t<\/span>\n\t\t\t\t\t\t\t\t\t<\/a>\n\t\t\t\t\t\t\t<\/div>\n\t\t\t\t\t\t\t\t<div class=\"qode-aig-image\">\n\t\t\t\t\t\t\t\t\t<a itemprop=\"image\" class=\"qode-aig-lightbox qode-block-drag-link\" href=\"https:\/\/discovergallura.it\/wp-content\/uploads\/2023\/01\/faro-di-capo-ferro-porto.jpeg\" data-rel=\"prettyPhoto[image_gallery_pretty_photo-790]\" title=\"faro-di-capo-ferro-porto\">\n\t\t\t\t\t\t\t\t\t\t\t<img loading=\"lazy\" decoding=\"async\" src=\"https:\/\/discovergallura.it\/wp-content\/uploads\/2023\/01\/faro-di-capo-ferro-porto-1000x700.jpeg\" alt=\"\" width=\"1000\" height=\"700\" \/>\t\t\t\t\t<span class=\"aig-gallery-hover\">\n\t\t\t\t\t\t\t\t\t\t\t<\/span>\n\t\t\t\t\t\t\t\t\t<\/a>\n\t\t\t\t\t\t\t<\/div>\n\t\t\t\t\t\t\t\t<div class=\"qode-aig-image\">\n\t\t\t\t\t\t\t\t\t<a itemprop=\"image\" class=\"qode-aig-lightbox qode-block-drag-link\" href=\"https:\/\/discovergallura.it\/wp-content\/uploads\/2023\/01\/CapoFerro_13.jpeg\" data-rel=\"prettyPhoto[image_gallery_pretty_photo-790]\" title=\"CapoFerro_13\">\n\t\t\t\t\t\t\t\t\t\t\t<img loading=\"lazy\" decoding=\"async\" src=\"https:\/\/discovergallura.it\/wp-content\/uploads\/2023\/01\/CapoFerro_13-1000x700.jpeg\" alt=\"\" width=\"1000\" height=\"700\" \/>\t\t\t\t\t<span class=\"aig-gallery-hover\">\n\t\t\t\t\t\t\t\t\t\t\t<\/span>\n\t\t\t\t\t\t\t\t\t<\/a>\n\t\t\t\t\t\t\t<\/div>\n\t\t\t\t\t\t<\/div>\n<\/div>[\/vc_column][\/vc_row]<\/p>\n<\/div>","protected":false},"excerpt":{"rendered":"<p>[vc_row css_animation=\u00a0\u00bb\u00a0\u00bb row_type=\u00a0\u00bbrow\u00a0\u00bb use_row_as_full_screen_section=\u00a0\u00bbno\u00a0\u00bb type=\u00a0\u00bbgrid\u00a0\u00bb angled_section=\u00a0\u00bbno\u00a0\u00bb text_align=\u00a0\u00bbleft\u00a0\u00bb background_image_as_pattern=\u00a0\u00bbwithout_pattern\u00a0\u00bb z_index=\u00a0\u00bb\u00a0\u00bb][vc_column css=\u00a0\u00bb.vc_custom_1674214152573{margin-top: 80px !important;}\u00a0\u00bb][vc_row_inner row_type=\u00a0\u00bbrow\u00a0\u00bb type=\u00a0\u00bbfull_width\u00a0\u00bb text_align=\u00a0\u00bbleft\u00a0\u00bb css_animation=\u00a0\u00bb\u00a0\u00bb][vc_column_inner width=\u00a0\u00bb1\/2&Prime; css=\u00a0\u00bb.vc_custom_1674212921568{margin-bottom: 110px !important;}\u00a0\u00bb][vc_separator type=\u00a0\u00bbsmall\u00a0\u00bb position=\u00a0\u00bbleft\u00a0\u00bb color=\u00a0\u00bb#3390b9&Prime; thickness=\u00a0\u00bb4&Prime; width=\u00a0\u00bb50&Prime;][\/vc_column_inner][vc_column_inner width=\u00a0\u00bb1\/2&Prime;][\/vc_column_inner][\/vc_row_inner][vc_row_inner row_type=\u00a0\u00bbrow\u00a0\u00bb type=\u00a0\u00bbfull_width\u00a0\u00bb text_align=\u00a0\u00bbleft\u00a0\u00bb css_animation=\u00a0\u00bb\u00a0\u00bb][vc_column_inner width=\u00a0\u00bb1\/2&Prime;][vc_single_image image=\u00a0\u00bb517&Prime; img_size=\u00a0\u00bbfull\u00a0\u00bb qode_css_animation=\u00a0\u00bb\u00a0\u00bb][vc_empty_space][\/vc_column_inner][vc_column_inner width=\u00a0\u00bb1\/2&Prime; css=\u00a0\u00bb.vc_custom_1674212910857{margin-bottom: 80px !important;}\u00a0\u00bb][vc_column_text] Situ\u00e9 pr\u00e8s de Porto Cervo , le&#8230;<\/p>\n","protected":false},"author":1,"featured_media":11145,"parent":13205,"menu_order":0,"comment_status":"closed","ping_status":"closed","template":"full_width.php","meta":{"inline_featured_image":false,"footnotes":""},"class_list":["post-12862","page","type-page","status-publish","has-post-thumbnail","hentry"],"_links":{"self":[{"href":"https:\/\/discovergallura.it\/fr\/wp-json\/wp\/v2\/pages\/12862","targetHints":{"allow":["GET"]}}],"collection":[{"href":"https:\/\/discovergallura.it\/fr\/wp-json\/wp\/v2\/pages"}],"about":[{"href":"https:\/\/discovergallura.it\/fr\/wp-json\/wp\/v2\/types\/page"}],"author":[{"embeddable":true,"href":"https:\/\/discovergallura.it\/fr\/wp-json\/wp\/v2\/users\/1"}],"replies":[{"embeddable":true,"href":"https:\/\/discovergallura.it\/fr\/wp-json\/wp\/v2\/comments?post=12862"}],"version-history":[{"count":4,"href":"https:\/\/discovergallura.it\/fr\/wp-json\/wp\/v2\/pages\/12862\/revisions"}],"predecessor-version":[{"id":13642,"href":"https:\/\/discovergallura.it\/fr\/wp-json\/wp\/v2\/pages\/12862\/revisions\/13642"}],"up":[{"embeddable":true,"href":"https:\/\/discovergallura.it\/fr\/wp-json\/wp\/v2\/pages\/13205"}],"wp:featuredmedia":[{"embeddable":true,"href":"https:\/\/discovergallura.it\/fr\/wp-json\/wp\/v2\/media\/11145"}],"wp:attachment":[{"href":"https:\/\/discovergallura.it\/fr\/wp-json\/wp\/v2\/media?parent=12862"}],"curies":[{"name":"wp","href":"https:\/\/api.w.org\/{rel}","templated":true}]}}

<div class="wpb-content-wrapper"><p>[vc_row css_animation= » » row_type= »row » use_row_as_full_screen_section= »no » type= »grid » angled_section= »no » text_align= »left » background_image_as_pattern= »without_pattern » z_index= » »][vc_column css= ».vc_custom_1674214152573{margin-top: 80px !important;} »][vc_row_inner row_type= »row » type= »full_width » text_align= »left » css_animation= » »][vc_column_inner width= »1/2&Prime; css= ».vc_custom_1674212921568{margin-bottom: 110px !important;} »][vc_separator type= »small » position= »left » color= »#3390b9&Prime; thickness= »4&Prime; width= »50&Prime;]<div class="custom_font_holder " style="font-family: red hat display; font-style: normal; font-weight: 800; color: #3390b9; text-decoration: none; text-align: left; --qode-cf-font-size: 38px; --qode-cf-line-height: 39px; --qode-cf-font-size-1440: 38px; --qode-cf-line-height-1440: 39px; --qode-cf-font-size-1366: 38px; --qode-cf-line-height-1366: 39px; --qode-cf-font-size-1280: 38px; --qode-cf-line-height-1280: 39px; --qode-cf-font-size-1024: 38px; --qode-cf-line-height-1024: 39px; --qode-cf-font-size-768: 38px; --qode-cf-line-height-768: 39px; --qode-cf-font-size-680: 38px; --qode-cf-line-height-680: 39px; --qode-cf-font-size-480: 38px; --qode-cf-line-height-480: 39px;">PHARE DE CAPO FERRO</div>[/vc_column_inner][vc_column_inner width= »1/2&Prime;][/vc_column_inner][/vc_row_inner][vc_row_inner row_type= »row » type= »full_width » text_align= »left » css_animation= » »][vc_column_inner width= »1/2&Prime;][vc_single_image image= »517&Prime; img_size= »full » qode_css_animation= » »][vc_empty_space][/vc_column_inner][vc_column_inner width= »1/2&Prime; css= ».vc_custom_1674212910857{margin-bottom: 80px !important;} »][vc_column_text]</p>
<p style="text-align: justify;">Situé près de <a href="https://discovergallura.it/fr/porto-cervo-costa-smeralda/"><strong>Porto Cervo</strong></a> , le phare de <strong>Capo Ferro</strong> fut bâti au XIXe siècle et est actif depuis 1858. Faisant partie des phares les plus envoûtants de Sardaigne, il est constitué d&rsquo;une tour cylindrique blanche située à environ 50 mètres d&rsquo;altitude. Contrairement au vieux phare et au phare rouge, qui se trouvent dans la même zone, le phare de Capo Ferro ne peut être visité. Il représente toutefois une occasion en or pour admirer un coin unique de la <a href="https://discovergallura.it/fr/porto-cervo-costa-smeralda/"><strong>Costa Smeralda</strong></a>, caractérisé par de hauts rochers de couleur sombre.</p>
<p>[/vc_column_text][/vc_column_inner][/vc_row_inner][/vc_column][/vc_row][vc_row css_animation= » » row_type= »row » use_row_as_full_screen_section= »no » type= »grid » angled_section= »no » text_align= »left » background_image_as_pattern= »without_pattern » z_index= » »][vc_column width= »1/6&Prime;][/vc_column][vc_column width= »2/3&Prime; css= ».vc_custom_1674141388895{margin-top: 80px !important;} » offset= »vc_hidden-sm vc_hidden-xs »]<div class="custom_font_holder " style="font-family: EB garamond; font-style: italic; font-weight: 500; text-decoration: none; text-align: left; --qode-cf-font-size: 24px; --qode-cf-line-height: 28px; --qode-cf-font-size-1440: 24px; --qode-cf-line-height-1440: 28px; --qode-cf-font-size-1366: 24px; --qode-cf-line-height-1366: 28px; --qode-cf-font-size-1280: 24px; --qode-cf-line-height-1280: 28px; --qode-cf-font-size-1024: 24px; --qode-cf-line-height-1024: 28px; --qode-cf-font-size-768: 24px; --qode-cf-line-height-768: 28px; --qode-cf-font-size-680: 24px; --qode-cf-line-height-680: 28px; --qode-cf-font-size-480: 24px; --qode-cf-line-height-480: 28px;">
<p style="text-align: center;"><span style="font-size: 24pt; line-height: 110%;">Comptant parmi les plus beaux phares de Sardaigne, il s&rsquo;agit d&rsquo;un point d&rsquo;observation privilégié donnant sur la Costa Smeralda.</span></p>
</div>[/vc_column][vc_column width= »1/6&Prime;][/vc_column][/vc_row][vc_row css_animation= » » row_type= »row » use_row_as_full_screen_section= »no » type= »full_width » angled_section= »no » text_align= »left » background_image_as_pattern= »without_pattern » z_index= » » css= ».vc_custom_1676474378936{margin-bottom: 120px !important;} »][vc_column css= ».vc_custom_1674214257906{margin-top: 80px !important;margin-bottom: 120px !important;} » offset= »vc_hidden-sm vc_hidden-xs »]<div class="qode-advanced-image-gallery  qode-aig-slider-type qode-tiny-space  qode-image-behavior-lightbox ">
	<div class="qode-aig-slider qode-owl-slider" data-number-of-items="1" data-enable-loop="yes" data-enable-autoplay="yes" data-slider-speed="5000" data-slider-speed-animation="600" data-slider-padding="yes" data-enable-navigation="yes" data-enable-pagination="yes">
					<div class="qode-aig-image">
									<a itemprop="image" class="qode-aig-lightbox qode-block-drag-link" href="https://discovergallura.it/wp-content/uploads/2023/01/Capoferro-1300x796-1.jpeg" data-rel="prettyPhoto[image_gallery_pretty_photo-790]" title="Capoferro-1300&#215;796">
											<img loading="lazy" decoding="async" src="https://discovergallura.it/wp-content/uploads/2023/01/Capoferro-1300x796-1-1000x700.jpeg" alt="" width="1000" height="700" />					<span class="aig-gallery-hover">
											</span>
									</a>
							</div>
								<div class="qode-aig-image">
									<a itemprop="image" class="qode-aig-lightbox qode-block-drag-link" href="https://discovergallura.it/wp-content/uploads/2023/01/faro-di-capo-ferro-porto.jpeg" data-rel="prettyPhoto[image_gallery_pretty_photo-790]" title="faro-di-capo-ferro-porto">
											<img loading="lazy" decoding="async" src="https://discovergallura.it/wp-content/uploads/2023/01/faro-di-capo-ferro-porto-1000x700.jpeg" alt="" width="1000" height="700" />					<span class="aig-gallery-hover">
											</span>
									</a>
							</div>
								<div class="qode-aig-image">
									<a itemprop="image" class="qode-aig-lightbox qode-block-drag-link" href="https://discovergallura.it/wp-content/uploads/2023/01/CapoFerro_13.jpeg" data-rel="prettyPhoto[image_gallery_pretty_photo-790]" title="CapoFerro_13">
											<img loading="lazy" decoding="async" src="https://discovergallura.it/wp-content/uploads/2023/01/CapoFerro_13-1000x700.jpeg" alt="" width="1000" height="700" />					<span class="aig-gallery-hover">
											</span>
									</a>
							</div>
						</div>
</div>[/vc_column][/vc_row]</p>
</div>

<p>[vc_row css_animation= » » row_type= »row » use_row_as_full_screen_section= »no » type= »grid » angled_section= »no » text_align= »left » background_image_as_pattern= »without_pattern » z_index= » »][vc_column css= ».vc_custom_1674214152573{margin-top: 80px !important;} »][vc_row_inner row_type= »row » type= »full_width » text_align= »left » css_animation= » »][vc_column_inner width= »1/2&Prime; css= ».vc_custom_1674212921568{margin-bottom: 110px !important;} »][vc_separator type= »small » position= »left » color= »#3390b9&Prime; thickness= »4&Prime; width= »50&Prime;][/vc_column_inner][vc_column_inner width= »1/2&Prime;][/vc_column_inner][/vc_row_inner][vc_row_inner row_type= »row » type= »full_width » text_align= »left » css_animation= » »][vc_column_inner width= »1/2&Prime;][vc_single_image image= »517&Prime; img_size= »full » qode_css_animation= » »][vc_empty_space][/vc_column_inner][vc_column_inner width= »1/2&Prime; css= ».vc_custom_1674212910857{margin-bottom: 80px !important;} »][vc_column_text] Situé près de Porto Cervo , le&#8230;</p>
